{"id":4487,"date":"2025-11-20T17:52:10","date_gmt":"2025-11-20T16:52:10","guid":{"rendered":"https:\/\/www.jizelatelier.fr\/?page_id=4487"},"modified":"2025-11-20T23:22:04","modified_gmt":"2025-11-20T22:22:04","slug":"le-calendrier-2026","status":"publish","type":"page","link":"https:\/\/www.jizelatelier.fr\/index.php\/le-calendrier-2026\/","title":{"rendered":"Le Calendrier 2026"},"content":{"rendered":"\n<div class=\"wp-block-cover alignfull is-light eplus-wrapper has-black-color has-text-color has-link-color wp-elements-2a7954087e3d2dac41db9451fbf215c3\" style=\"min-height:587px;aspect-ratio:unset;\"><img loading=\"lazy\" decoding=\"async\" width=\"1565\" height=\"800\" class=\"wp-block-cover__image-background wp-image-4569 size-full\" alt=\"\" src=\"https:\/\/www.jizelatelier.fr\/wp-content\/uploads\/2025\/11\/B-Calendrier.jpg\" data-object-fit=\"cover\" srcset=\"https:\/\/www.jizelatelier.fr\/wp-content\/uploads\/2025\/11\/B-Calendrier.jpg 1565w, https:\/\/www.jizelatelier.fr\/wp-content\/uploads\/2025\/11\/B-Calendrier-300x153.jpg 300w, https:\/\/www.jizelatelier.fr\/wp-content\/uploads\/2025\/11\/B-Calendrier-1024x523.jpg 1024w, https:\/\/www.jizelatelier.fr\/wp-content\/uploads\/2025\/11\/B-Calendrier-768x393.jpg 768w, https:\/\/www.jizelatelier.fr\/wp-content\/uploads\/2025\/11\/B-Calendrier-1536x785.jpg 1536w, https:\/\/www.jizelatelier.fr\/wp-content\/uploads\/2025\/11\/B-Calendrier-600x307.jpg 600w\" sizes=\"auto, (max-width: 1565px) 100vw, 1565px\" \/><span aria-hidden=\"true\" class=\"wp-block-cover__background has-white-background-color has-background-dim-0 has-background-dim\"><\/span><div class=\"wp-block-cover__inner-container is-layout-flow wp-block-cover-is-layout-flow\">\n<div class=\"wp-block-columns eplus-wrapper is-layout-flex wp-container-core-columns-is-layout-9d6595d7 wp-block-columns-is-layout-flex\">\n<div class=\"wp-block-column eplus-wrapper is-layout-flow wp-block-column-is-layout-flow\"><\/div>\n\n\n\n<div class=\"wp-block-column eplus-wrapper is-layout-flow wp-block-column-is-layout-flow\"><h2 class=\"has-text-align-center alignwide  wp-block-post-title\">Le Calendrier 2026<\/h2>\n\n\n<h3 class=\"wp-block-heading has-text-align-center eplus-wrapper\" style=\"font-size:25px\">Pour s&rsquo;organiser, ne rien oublier et faire joli.<\/h3>\n\n\n\n<p class=\"has-text-align-center eplus-wrapper\" style=\"font-size:15px;font-style:normal;font-weight:100\">Ce calendrier de format A4, est aussi utile que joli.<\/p>\n\n\n\n<p class=\"has-text-align-center eplus-wrapper\" style=\"font-size:15px;font-style:normal;font-weight:100\">Douze illustrations de la nouvelle collection atour du caf\u00e9 et du vin nature. <\/p>\n\n\n\n<p class=\"has-text-align-center eplus-wrapper\" style=\"font-size:15px;font-style:normal;font-weight:100\">En plus vous trouverez m\u00eame les jours f\u00e9ri\u00e9s. <\/p>\n\n\n\n<div style=\"height:10px\" aria-hidden=\"true\" class=\"wp-block-spacer eplus-wrapper\"><\/div>\n\n\n\n<div class=\"wp-block-buttons eplus-wrapper is-content-justification-center is-layout-flex wp-container-core-buttons-is-layout-16018d1d wp-block-buttons-is-layout-flex\">\n<div class=\"wp-block-button is-style-outline eplus-wrapper is-style-outline--1\"><a class=\"wp-block-button__link has-custom-font-size wp-element-button\" href=\"https:\/\/jizelatelier.sumupstore.com\/cat%C3%A9gorie\/calendrier-2026\" style=\"font-size:17px;font-style:normal;font-weight:100\" target=\"_blank\" rel=\"noreferrer noopener\">Go to shop<\/a><\/div>\n<\/div>\n<\/div>\n<\/div>\n<\/div><\/div>\n\n\n\n<div style=\"height:100px\" aria-hidden=\"true\" class=\"wp-block-spacer\"><\/div>\n\n\n\n<div class=\"wp-block-columns eplus-wrapper is-layout-flex wp-container-core-columns-is-layout-9d6595d7 wp-block-columns-is-layout-flex\">\n<div class=\"wp-block-column eplus-wrapper is-layout-flow wp-block-column-is-layout-flow\">\n<div class=\"wp-block-group imgvitrine eplus-wrapper\"><div class=\"wp-block-group__inner-container is-layout-constrained wp-block-group-is-layout-constrained\"><div class=\"wp-block-image eplus-wrapper\">\n<figure class=\"aligncenter size-large is-resized\"><a href=\"https:\/\/jizelatelier.sumupstore.com\/cat%C3%A9gorie\/calendrier-2026\" target=\"_blank\" rel=\"noreferrer noopener\"><img loading=\"lazy\" decoding=\"async\" width=\"1024\" height=\"1024\" src=\"https:\/\/www.jizelatelier.fr\/wp-content\/uploads\/2025\/11\/CAL-26-COUV2-1024x1024.jpg\" alt=\"\" class=\"wp-image-4488\" style=\"width:400px\" srcset=\"https:\/\/www.jizelatelier.fr\/wp-content\/uploads\/2025\/11\/CAL-26-COUV2-1024x1024.jpg 1024w, https:\/\/www.jizelatelier.fr\/wp-content\/uploads\/2025\/11\/CAL-26-COUV2-300x300.jpg 300w, https:\/\/www.jizelatelier.fr\/wp-content\/uploads\/2025\/11\/CAL-26-COUV2-150x150.jpg 150w, https:\/\/www.jizelatelier.fr\/wp-content\/uploads\/2025\/11\/CAL-26-COUV2-768x768.jpg 768w, https:\/\/www.jizelatelier.fr\/wp-content\/uploads\/2025\/11\/CAL-26-COUV2-600x600.jpg 600w, https:\/\/www.jizelatelier.fr\/wp-content\/uploads\/2025\/11\/CAL-26-COUV2.jpg 1181w\" sizes=\"auto, (max-width: 1024px) 100vw, 1024px\" \/><\/a><\/figure>\n<\/div>\n\n\n<h6 class=\"wp-block-heading has-text-align-center cartel eplus-wrapper has-black-color has-text-color has-link-color wp-elements-c8be5157b3c43b1c938a20d89eb5c577\" style=\"font-size:12px;font-style:normal;font-weight:100\"><a href=\"https:\/\/jizelatelier.sumupsAhttps:\/\/jizelatelier.sumupstore.com\/cat%C3%A9gorie\/calendrier-2026tore.com\/article\/carnet-a5-bord-de-mer-indigo\" data-type=\"page\" data-id=\"2441\" target=\"_blank\" rel=\"noreferrer noopener\">CALENDRIER 2026<\/a><\/h6>\n<\/div><\/div>\n\n\n\n<p class=\"has-text-align-center prix eplus-wrapper has-text-color has-link-color wp-elements-b38ca5f8792919223557d6e1973d28c0\" style=\"color:#37200bc4;font-size:17px\">25,00\u20ac<\/p>\n<\/div>\n<\/div>\n","protected":false},"excerpt":{"rendered":"<p>CALENDRIER 2026 25,00\u20ac<\/p>\n","protected":false},"author":1,"featured_media":0,"parent":0,"menu_order":0,"comment_status":"closed","ping_status":"closed","template":"","meta":{"editor_plus_copied_stylings":"{}","footnotes":""},"class_list":["post-4487","page","type-page","status-publish","hentry"],"_links":{"self":[{"href":"https:\/\/www.jizelatelier.fr\/index.php\/wp-json\/wp\/v2\/pages\/4487","targetHints":{"allow":["GET"]}}],"collection":[{"href":"https:\/\/www.jizelatelier.fr\/index.php\/wp-json\/wp\/v2\/pages"}],"about":[{"href":"https:\/\/www.jizelatelier.fr\/index.php\/wp-json\/wp\/v2\/types\/page"}],"author":[{"embeddable":true,"href":"https:\/\/www.jizelatelier.fr\/index.php\/wp-json\/wp\/v2\/users\/1"}],"replies":[{"embeddable":true,"href":"https:\/\/www.jizelatelier.fr\/index.php\/wp-json\/wp\/v2\/comments?post=4487"}],"version-history":[{"count":6,"href":"https:\/\/www.jizelatelier.fr\/index.php\/wp-json\/wp\/v2\/pages\/4487\/revisions"}],"predecessor-version":[{"id":4573,"href":"https:\/\/www.jizelatelier.fr\/index.php\/wp-json\/wp\/v2\/pages\/4487\/revisions\/4573"}],"wp:attachment":[{"href":"https:\/\/www.jizelatelier.fr\/index.php\/wp-json\/wp\/v2\/media?parent=4487"}],"curies":[{"name":"wp","href":"https:\/\/api.w.org\/{rel}","templated":true}]}}